{"id":216,"date":"2024-04-02T15:57:28","date_gmt":"2024-04-02T12:57:28","guid":{"rendered":"https:\/\/loveafrodite.com.br\/index.php\/subscription\/"},"modified":"2024-04-02T17:55:07","modified_gmt":"2024-04-02T14:55:07","slug":"planos","status":"publish","type":"page","link":"https:\/\/loveafrodite.com.br\/index.php\/planos\/","title":{"rendered":"Planos"},"content":{"rendered":"<style>\n\/* Prevent FOUC - Critical inline styles *\/\n.wpuf_packs svg {\n    width: 1.25rem !important;\n    height: 1.5rem !important;\n    flex-shrink: 0 !important;\n}\n.wpuf_packs .wpuf-hidden {\n    display: none !important;\n}\n<\/style>\n<ul class=\"wpuf_packs wpuf-grid wpuf-grid-cols-1 md:wpuf-grid-cols-2 lg:wpuf-grid-cols-3 wpuf-gap-4 wpuf-max-w-5xl wpuf-mx-auto wpuf-px-4 wpuf-items-start wpuf-mt-6\">            <li class=\"wpuf-pack-491\">\n                <style>\n\/* Critical inline styles to prevent FOUC *\/\n.wpuf-pack-491 svg {\n    width: 1.25rem !important;\n    height: 1.5rem !important;\n    flex-shrink: 0 !important;\n}\n.wpuf-pack-491 .wpuf-hidden {\n    display: none !important;\n}\n<\/style>\n<div class=\"wpuf-rounded-xl wpuf-p-6 wpuf-ring-1 wpuf-ring-gray-200 wpuf-bg-white wpuf-shadow-md hover:wpuf-shadow-lg wpuf-transition-all wpuf-duration-300 wpuf-relative wpuf-mt-2\">\n    <!-- Header Section -->\n    <div class=\"wpuf-flex wpuf-items-center wpuf-justify-between wpuf-gap-x-4\">\n        <h3 class=\"wpuf-text-lg wpuf-font-semibold wpuf-text-gray-900 wpuf-leading-8\">\n            Plano de 20 Dias        <\/h3>\n            <\/div>\n    \n        <div class=\"wpuf-mt-3 wpuf-text-sm wpuf-leading-5 wpuf-text-gray-600\">\n        <p>Foto no resultado da busca<br \/>\n \tVitrine Superior Destaques<br \/>\n \tEnsaio com 10 fotos<br \/>\n \tPer\u00edodo de publica\u00e7\u00e3o: 20 dias<\/p>\n    <\/div>\n        \n    <!-- Price Section -->\n    <div class=\"wpuf-mt-4\">\n    <div class=\"wpuf-flex wpuf-items-baseline wpuf-gap-x-1\">\n                    <span class=\"wpuf-text-3xl wpuf-font-bold wpuf-tracking-tight wpuf-text-gray-900\">\n                &#082;&#036;&nbsp;50,00            <\/span>\n            <span class=\"wpuf-text-sm wpuf-font-semibold wpuf-text-gray-600 wpuf-leading-6\">\n                <div class=\"wpuf-pack-cycle wpuf-nullamount-hide\">Pagamento \u00fanico<\/div>            <\/span>\n            <\/div>\n\n        <\/div>\n    \n    <!-- Button Section -->\n    <div class=\"wpuf-mt-6\">\n                    <style>\n                .wpuf-pack-491 .wpuf-subscription-buy-btn:hover {\n                    filter: brightness(0.9);\n                }\n            <\/style>\n            <a class=\"wpuf-subscription-buy-btn wpuf-block wpuf-w-full wpuf-rounded-md  wpuf-px-3 wpuf-py-2 wpuf-text-center wpuf-text-sm wpuf-font-semibold wpuf-text-white wpuf-shadow-sm wpuf-ring-0 wpuf-transition-all wpuf-duration-200 wpuf-leading-6\"\n                              style=\"background-color: #db3eb1;\"\n               onmouseover=\"this.style.filter='brightness(0.9)'\"\n               onmouseout=\"this.style.filter='brightness(1)'\"\n                              href=\"https:\/\/loveafrodite.com.br\/index.php\/cadastro\/?action=register&amp;type=wpuf_sub&amp;pack_id=491\"\n               onclick=\"\">\n                Cadastre-se            <\/a>\n            <\/div>\n    \n    <!-- Features List -->\n            <div class=\"wpuf-mt-6\">\n            <ul class=\"wpuf-text-sm wpuf-leading-6 wpuf-text-gray-600 wpuf-space-y-3\" id=\"wpuf-features-list-491\">\n                                    <li class=\"wpuf-flex wpuf-gap-x-3 \">\n                        <svg viewBox=\"0 0 20 20\" fill=\"#db3eb1\" class=\"wpuf-h-6 wpuf-w-5 wpuf-flex-none\" style=\"width: 1.25rem; height: 1.5rem; flex-shrink: 0;\" width=\"20\" height=\"24\" aria-hidden=\"true\">\n                            <path fill-rule=\"evenodd\" d=\"M16.704 4.153a.75.75 0 0 1 .143 1.052l-8 10.5a.75.75 0 0 1-1.127.075l-4.5-4.5a.75.75 0 0 1 1.06-1.06l3.894 3.893 7.48-9.817a.75.75 0 0 1 1.05-.143Z\" clip-rule=\"evenodd\" \/>\n                        <\/svg>\n                        Full website access                    <\/li>\n                            <\/ul>\n            \n                    <\/div>\n        \n    <\/div>\n\n            <\/li>\n                        <li class=\"wpuf-pack-480\">\n                <style>\n\/* Critical inline styles to prevent FOUC *\/\n.wpuf-pack-480 svg {\n    width: 1.25rem !important;\n    height: 1.5rem !important;\n    flex-shrink: 0 !important;\n}\n.wpuf-pack-480 .wpuf-hidden {\n    display: none !important;\n}\n<\/style>\n<div class=\"wpuf-rounded-xl wpuf-p-6 wpuf-ring-1 wpuf-ring-gray-200 wpuf-bg-white wpuf-shadow-md hover:wpuf-shadow-lg wpuf-transition-all wpuf-duration-300 wpuf-relative wpuf-mt-2\">\n    <!-- Header Section -->\n    <div class=\"wpuf-flex wpuf-items-center wpuf-justify-between wpuf-gap-x-4\">\n        <h3 class=\"wpuf-text-lg wpuf-font-semibold wpuf-text-gray-900 wpuf-leading-8\">\n            Plano de Um M\u00eas        <\/h3>\n            <\/div>\n    \n        <div class=\"wpuf-mt-3 wpuf-text-sm wpuf-leading-5 wpuf-text-gray-600\">\n        <p>Foto no resultado da busca<br \/>\n \tVitrine Superior Destaques<br \/>\n \tEnsaio com 10 fotos<br \/>\n \tPer\u00edodo de publica\u00e7\u00e3o: 30 dias<\/p>\n    <\/div>\n        \n    <!-- Price Section -->\n    <div class=\"wpuf-mt-4\">\n    <div class=\"wpuf-flex wpuf-items-baseline wpuf-gap-x-1\">\n                    <span class=\"wpuf-text-3xl wpuf-font-bold wpuf-tracking-tight wpuf-text-gray-900\">\n                &#082;&#036;&nbsp;65,00            <\/span>\n            <span class=\"wpuf-text-sm wpuf-font-semibold wpuf-text-gray-600 wpuf-leading-6\">\n                <div class=\"wpuf-pack-cycle wpuf-nullamount-hide\">Pagamento \u00fanico<\/div>            <\/span>\n            <\/div>\n\n        <\/div>\n    \n    <!-- Button Section -->\n    <div class=\"wpuf-mt-6\">\n                    <style>\n                .wpuf-pack-480 .wpuf-subscription-buy-btn:hover {\n                    filter: brightness(0.9);\n                }\n            <\/style>\n            <a class=\"wpuf-subscription-buy-btn wpuf-block wpuf-w-full wpuf-rounded-md  wpuf-px-3 wpuf-py-2 wpuf-text-center wpuf-text-sm wpuf-font-semibold wpuf-text-white wpuf-shadow-sm wpuf-ring-0 wpuf-transition-all wpuf-duration-200 wpuf-leading-6\"\n                              style=\"background-color: #db3eb1;\"\n               onmouseover=\"this.style.filter='brightness(0.9)'\"\n               onmouseout=\"this.style.filter='brightness(1)'\"\n                              href=\"https:\/\/loveafrodite.com.br\/index.php\/cadastro\/?action=register&amp;type=wpuf_sub&amp;pack_id=480\"\n               onclick=\"\">\n                Cadastre-se            <\/a>\n            <\/div>\n    \n    <!-- Features List -->\n            <div class=\"wpuf-mt-6\">\n            <ul class=\"wpuf-text-sm wpuf-leading-6 wpuf-text-gray-600 wpuf-space-y-3\" id=\"wpuf-features-list-480\">\n                                    <li class=\"wpuf-flex wpuf-gap-x-3 \">\n                        <svg viewBox=\"0 0 20 20\" fill=\"#db3eb1\" class=\"wpuf-h-6 wpuf-w-5 wpuf-flex-none\" style=\"width: 1.25rem; height: 1.5rem; flex-shrink: 0;\" width=\"20\" height=\"24\" aria-hidden=\"true\">\n                            <path fill-rule=\"evenodd\" d=\"M16.704 4.153a.75.75 0 0 1 .143 1.052l-8 10.5a.75.75 0 0 1-1.127.075l-4.5-4.5a.75.75 0 0 1 1.06-1.06l3.894 3.893 7.48-9.817a.75.75 0 0 1 1.05-.143Z\" clip-rule=\"evenodd\" \/>\n                        <\/svg>\n                        Full website access                    <\/li>\n                            <\/ul>\n            \n                    <\/div>\n        \n    <\/div>\n\n            <\/li>\n                        <li class=\"wpuf-pack-492\">\n                <style>\n\/* Critical inline styles to prevent FOUC *\/\n.wpuf-pack-492 svg {\n    width: 1.25rem !important;\n    height: 1.5rem !important;\n    flex-shrink: 0 !important;\n}\n.wpuf-pack-492 .wpuf-hidden {\n    display: none !important;\n}\n<\/style>\n<div class=\"wpuf-rounded-xl wpuf-p-6 wpuf-ring-1 wpuf-ring-gray-200 wpuf-bg-white wpuf-shadow-md hover:wpuf-shadow-lg wpuf-transition-all wpuf-duration-300 wpuf-relative wpuf-mt-2\">\n    <!-- Header Section -->\n    <div class=\"wpuf-flex wpuf-items-center wpuf-justify-between wpuf-gap-x-4\">\n        <h3 class=\"wpuf-text-lg wpuf-font-semibold wpuf-text-gray-900 wpuf-leading-8\">\n            Plano de Dois Meses        <\/h3>\n            <\/div>\n    \n        <div class=\"wpuf-mt-3 wpuf-text-sm wpuf-leading-5 wpuf-text-gray-600\">\n        <p>Foto no resultado da busca<br \/>\nVitrine Superior Destaques<br \/>\nEnsaio com 10 fotos<br \/>\nPer\u00edodo de publica\u00e7\u00e3o: 60 dias<\/p>\n    <\/div>\n        \n    <!-- Price Section -->\n    <div class=\"wpuf-mt-4\">\n    <div class=\"wpuf-flex wpuf-items-baseline wpuf-gap-x-1\">\n                    <span class=\"wpuf-text-3xl wpuf-font-bold wpuf-tracking-tight wpuf-text-gray-900\">\n                &#082;&#036;&nbsp;120,00            <\/span>\n            <span class=\"wpuf-text-sm wpuf-font-semibold wpuf-text-gray-600 wpuf-leading-6\">\n                <div class=\"wpuf-pack-cycle wpuf-nullamount-hide\">Pagamento \u00fanico<\/div>            <\/span>\n            <\/div>\n\n        <\/div>\n    \n    <!-- Button Section -->\n    <div class=\"wpuf-mt-6\">\n                    <style>\n                .wpuf-pack-492 .wpuf-subscription-buy-btn:hover {\n                    filter: brightness(0.9);\n                }\n            <\/style>\n            <a class=\"wpuf-subscription-buy-btn wpuf-block wpuf-w-full wpuf-rounded-md  wpuf-px-3 wpuf-py-2 wpuf-text-center wpuf-text-sm wpuf-font-semibold wpuf-text-white wpuf-shadow-sm wpuf-ring-0 wpuf-transition-all wpuf-duration-200 wpuf-leading-6\"\n                              style=\"background-color: #db3eb1;\"\n               onmouseover=\"this.style.filter='brightness(0.9)'\"\n               onmouseout=\"this.style.filter='brightness(1)'\"\n                              href=\"https:\/\/loveafrodite.com.br\/index.php\/cadastro\/?action=register&amp;type=wpuf_sub&amp;pack_id=492\"\n               onclick=\"\">\n                Cadastre-se            <\/a>\n            <\/div>\n    \n    <!-- Features List -->\n            <div class=\"wpuf-mt-6\">\n            <ul class=\"wpuf-text-sm wpuf-leading-6 wpuf-text-gray-600 wpuf-space-y-3\" id=\"wpuf-features-list-492\">\n                                    <li class=\"wpuf-flex wpuf-gap-x-3 \">\n                        <svg viewBox=\"0 0 20 20\" fill=\"#db3eb1\" class=\"wpuf-h-6 wpuf-w-5 wpuf-flex-none\" style=\"width: 1.25rem; height: 1.5rem; flex-shrink: 0;\" width=\"20\" height=\"24\" aria-hidden=\"true\">\n                            <path fill-rule=\"evenodd\" d=\"M16.704 4.153a.75.75 0 0 1 .143 1.052l-8 10.5a.75.75 0 0 1-1.127.075l-4.5-4.5a.75.75 0 0 1 1.06-1.06l3.894 3.893 7.48-9.817a.75.75 0 0 1 1.05-.143Z\" clip-rule=\"evenodd\" \/>\n                        <\/svg>\n                        Full website access                    <\/li>\n                            <\/ul>\n            \n                    <\/div>\n        \n    <\/div>\n\n            <\/li>\n                        <li class=\"wpuf-pack-789\">\n                <style>\n\/* Critical inline styles to prevent FOUC *\/\n.wpuf-pack-789 svg {\n    width: 1.25rem !important;\n    height: 1.5rem !important;\n    flex-shrink: 0 !important;\n}\n.wpuf-pack-789 .wpuf-hidden {\n    display: none !important;\n}\n<\/style>\n<div class=\"wpuf-rounded-xl wpuf-p-6 wpuf-ring-1 wpuf-ring-gray-200 wpuf-bg-white wpuf-shadow-md hover:wpuf-shadow-lg wpuf-transition-all wpuf-duration-300 wpuf-relative wpuf-mt-2\">\n    <!-- Header Section -->\n    <div class=\"wpuf-flex wpuf-items-center wpuf-justify-between wpuf-gap-x-4\">\n        <h3 class=\"wpuf-text-lg wpuf-font-semibold wpuf-text-gray-900 wpuf-leading-8\">\n            Plano de Tr\u00eas Meses        <\/h3>\n            <\/div>\n    \n        <div class=\"wpuf-mt-3 wpuf-text-sm wpuf-leading-5 wpuf-text-gray-600\">\n        <p>Foto no resultado da busca<br \/>\nVitrine Superior Destaques<br \/>\nEnsaio com 10 fotos<br \/>\nPer\u00edodo de publica\u00e7\u00e3o: 90 dias<\/p>\n    <\/div>\n        \n    <!-- Price Section -->\n    <div class=\"wpuf-mt-4\">\n    <div class=\"wpuf-flex wpuf-items-baseline wpuf-gap-x-1\">\n                    <span class=\"wpuf-text-3xl wpuf-font-bold wpuf-tracking-tight wpuf-text-gray-900\">\n                &#082;&#036;&nbsp;150,00            <\/span>\n            <span class=\"wpuf-text-sm wpuf-font-semibold wpuf-text-gray-600 wpuf-leading-6\">\n                <div class=\"wpuf-pack-cycle wpuf-nullamount-hide\">Pagamento \u00fanico<\/div>            <\/span>\n            <\/div>\n\n        <\/div>\n    \n    <!-- Button Section -->\n    <div class=\"wpuf-mt-6\">\n                    <style>\n                .wpuf-pack-789 .wpuf-subscription-buy-btn:hover {\n                    filter: brightness(0.9);\n                }\n            <\/style>\n            <a class=\"wpuf-subscription-buy-btn wpuf-block wpuf-w-full wpuf-rounded-md  wpuf-px-3 wpuf-py-2 wpuf-text-center wpuf-text-sm wpuf-font-semibold wpuf-text-white wpuf-shadow-sm wpuf-ring-0 wpuf-transition-all wpuf-duration-200 wpuf-leading-6\"\n                              style=\"background-color: #db3eb1;\"\n               onmouseover=\"this.style.filter='brightness(0.9)'\"\n               onmouseout=\"this.style.filter='brightness(1)'\"\n                              href=\"https:\/\/loveafrodite.com.br\/index.php\/cadastro\/?action=register&amp;type=wpuf_sub&amp;pack_id=789\"\n               onclick=\"\">\n                Cadastre-se            <\/a>\n            <\/div>\n    \n    <!-- Features List -->\n            <div class=\"wpuf-mt-6\">\n            <ul class=\"wpuf-text-sm wpuf-leading-6 wpuf-text-gray-600 wpuf-space-y-3\" id=\"wpuf-features-list-789\">\n                                    <li class=\"wpuf-flex wpuf-gap-x-3 \">\n                        <svg viewBox=\"0 0 20 20\" fill=\"#db3eb1\" class=\"wpuf-h-6 wpuf-w-5 wpuf-flex-none\" style=\"width: 1.25rem; height: 1.5rem; flex-shrink: 0;\" width=\"20\" height=\"24\" aria-hidden=\"true\">\n                            <path fill-rule=\"evenodd\" d=\"M16.704 4.153a.75.75 0 0 1 .143 1.052l-8 10.5a.75.75 0 0 1-1.127.075l-4.5-4.5a.75.75 0 0 1 1.06-1.06l3.894 3.893 7.48-9.817a.75.75 0 0 1 1.05-.143Z\" clip-rule=\"evenodd\" \/>\n                        <\/svg>\n                        Full website access                    <\/li>\n                            <\/ul>\n            \n                    <\/div>\n        \n    <\/div>\n\n            <\/li>\n            <\/ul>    <script>\n    (function() {\n        \/\/ Use event delegation to handle all toggle clicks\n        document.addEventListener('DOMContentLoaded', function() {\n            \/\/ Only initialize once\n            if (window.wpufFeaturesInitialized) return;\n            window.wpufFeaturesInitialized = true;\n            \n            \/\/ Add event listener to the document\n            document.addEventListener('click', function(e) {\n                \/\/ Find the controlling element with toggle features data attribute\n                \/\/ This handles clicks on the button itself or any child elements\n                const control = e.target.closest('[data-wpuf-toggle-features]');\n\n                if (control) {\n                    e.preventDefault();\n\n                    const packId = control.getAttribute('data-wpuf-pack-id');\n                    if (!packId) return;\n\n                    \/\/ Get the specific pack's elements using the unique pack ID\n                    const featuresList = document.getElementById('wpuf-features-list-' + packId);\n                    const seeMoreBtn = document.getElementById('wpuf-see-more-btn-' + packId);\n                    const seeLessBtn = document.getElementById('wpuf-see-less-btn-' + packId);\n\n                    if (!featuresList || !seeMoreBtn || !seeLessBtn) {\n                        console.warn('Elements not found for pack ID:', packId);\n                        return;\n                    }\n\n                    \/\/ Only get expandable features from this specific pack\n                    const expandableFeatures = featuresList.querySelectorAll('.wpuf-expandable-feature');\n\n                    \/\/ Toggle visibility based on current state\n                    const isExpanded = control.getAttribute('data-expanded') === 'true';\n\n                    if (isExpanded) {\n                        \/\/ Currently expanded, collapse it\n                        expandableFeatures.forEach(function(feature) {\n                            feature.classList.add('wpuf-hidden');\n                        });\n                        seeMoreBtn.classList.remove('wpuf-hidden');\n                        seeLessBtn.classList.add('wpuf-hidden');\n\n                        \/\/ Update control's state and ARIA attributes\n                        control.setAttribute('data-expanded', 'false');\n                        control.setAttribute('aria-expanded', 'false');\n                        seeMoreBtn.setAttribute('aria-expanded', 'false');\n                    } else {\n                        \/\/ Currently collapsed, expand it\n                        expandableFeatures.forEach(function(feature) {\n                            feature.classList.remove('wpuf-hidden');\n                        });\n                        seeMoreBtn.classList.add('wpuf-hidden');\n                        seeLessBtn.classList.remove('wpuf-hidden');\n\n                        \/\/ Update control's state and ARIA attributes\n                        control.setAttribute('data-expanded', 'true');\n                        control.setAttribute('aria-expanded', 'true');\n                        seeLessBtn.setAttribute('aria-expanded', 'true');\n                    }\n                }\n            });\n        });\n    })();\n    <\/script>\n    \n","protected":false},"excerpt":{"rendered":"","protected":false},"author":1,"featured_media":0,"parent":0,"menu_order":0,"comment_status":"closed","ping_status":"closed","template":"","meta":{"_regular_price":[],"currency_symbol":[],"footnotes":""},"class_list":["post-216","page","type-page","status-publish","hentry"],"post_slider_layout_featured_media_urls":{"thumbnail":"","post_slider_layout_landscape_large":"","post_slider_layout_portrait_large":"","post_slider_layout_square_large":"","post_slider_layout_landscape":"","post_slider_layout_portrait":"","post_slider_layout_square":"","full":""},"_links":{"self":[{"href":"https:\/\/loveafrodite.com.br\/index.php\/wp-json\/wp\/v2\/pages\/216","targetHints":{"allow":["GET"]}}],"collection":[{"href":"https:\/\/loveafrodite.com.br\/index.php\/wp-json\/wp\/v2\/pages"}],"about":[{"href":"https:\/\/loveafrodite.com.br\/index.php\/wp-json\/wp\/v2\/types\/page"}],"author":[{"embeddable":true,"href":"https:\/\/loveafrodite.com.br\/index.php\/wp-json\/wp\/v2\/users\/1"}],"replies":[{"embeddable":true,"href":"https:\/\/loveafrodite.com.br\/index.php\/wp-json\/wp\/v2\/comments?post=216"}],"version-history":[{"count":1,"href":"https:\/\/loveafrodite.com.br\/index.php\/wp-json\/wp\/v2\/pages\/216\/revisions"}],"predecessor-version":[{"id":253,"href":"https:\/\/loveafrodite.com.br\/index.php\/wp-json\/wp\/v2\/pages\/216\/revisions\/253"}],"wp:attachment":[{"href":"https:\/\/loveafrodite.com.br\/index.php\/wp-json\/wp\/v2\/media?parent=216"}],"curies":[{"name":"wp","href":"https:\/\/api.w.org\/{rel}","templated":true}]}}